o. List the prime factors of o.
2
Suppose 88 = 3*s - 5. Suppose 4*k - 5*v - 33 = s, -4*v - 71 = -5*k. What are the prime factors of k?
11
Suppose 0 = 3*w - 7*w. Suppose c = 3*c - 3*j - 29, w = -4*c + 2*j + 38. What are the prime factors of c?
7
Let u = 103 - -3. List the prime factors of u.
2, 53
Suppose 3*j = 4*j - 20. What are the prime factors of j?
2, 5
Let o = 8 + -5. Suppose -j + 70 = s + s, -2*j - s + 155 = 0. Suppose o*u + 26 = 3*b - 28, 5*b - 3*u = j. What are the prime factors of b?
13
Let v(k) be the second derivative of -k**5/20 + 3*k**4/4 - 5*k**3/6 - k**2 + k. Let a be v(8). Suppose -a = -g - g. List the prime factors of g.
11
Let r(l) = 3*l**3 + 7*l**2 - 2. Let j(t) = t**3 + t**2 - t - 1. Let m(c) = -2*j(c) + r(c). Let f be m(-4). Let d = -1 + f. What are the prime factors of d?
7
Suppose 12 = -2*m + 5*m - b, m + 4*b = 4. Suppose m*l - 8 = 2*l. Suppose 10 = 2*v, l*x - 18 = -2*v + 12. What are the prime factors of x?
5
Suppose -108 = -2*n + 2*j, 0*n + j - 170 = -3*n. List the prime factors of n.
2, 7
Let w be 20/12 + (-2)/(-6). Let p = w + 32. List the prime factors of p.
2, 17
Let c = 7 - 5. Suppose 2*u - 4 = -c*u, 2*x - 20 = 4*u. Suppose 5*p - 4*p - x = 0. What are the prime factors of p?
2, 3
Suppose -5*d = 3*a - 17 + 57, -3*d + 4*a = 53. Let x = d - -19. What are the prime factors of x?
2
Let c = 4 + 1. Suppose -c*s + 7 = u, 2*s - 37 = 5*u + 3*s. List the prime factors of (u/(-5))/(3/15).
2
Let c(t) = -t**2 + t + 1. Let m(y) = 6*y**2 - 13*y - 5 + 7*y + 0. Let h(g) = 5*c(g) + m(g). List the prime factors of h(4).
2, 3
Let h be (-3)/2*(-12)/9. Suppose -h*i + 4 = -0. Suppose -i*a = r - 2*r - 13, -3*r - 19 = -a. List the prime factors of a.
2
Let j = -14 - -2. Suppose 10 = -i - 9. Let p = j - i. What are the prime factors of p?
7
Suppose 117*z = 121*z - 1760. List the prime factors of z.
2, 5, 11
Let n(h) = -h**2 - 10*h - 10. Let f(u) = 2*u + 1. Let b be f(7). Let o = 8 - b. What are the prime factors of n(o)?
11
Let y(s) = -s**2 - 5*s. Let i be y(-4). Suppose 3*v + 32 = -v - 5*k, i*v + k = -16. List the prime factors of v/6 - (-31)/2.
3, 5
What are the prime factors of ((-1512)/(-60))/(2/10)?
2, 3, 7
Let v(h) = -h**2 - 5*h + 87. What are the prime factors of v(0)?
3, 29
Let a(b) = -b**3 + 4*b**2 - b + 1. Let p be a(2). Suppose 2*z + 2*z + 17 = o, -2*o - 16 = 2*z. Let m = p + o. What are the prime factors of m?
2
Let x = 11 + -7. Suppose 4*i - 20 = -x*s, -i + 2*i + 31 = 5*s. What are the prime factors of s?
2, 3
List the prime factors of (-758)/(-6) + -1*5/15.
2, 3, 7
Let r = 121 - 67. List the prime factors of r.
2, 3
Let m = 1 - -2. Suppose 4*k - 40 = 4*w, 0*w = k - m*w - 14. What are the prime factors of k?
2
Let g(z) = z**3 + 2*z**2 - 3*z - 3. Let q be g(3). Suppose q + 102 = 5*j. Let n = j + -19. What are the prime factors of n?
2
Suppose -5*j = 112 - 37. List the prime factors of (66/j)/((-2)/5).
11
Let z be (6/15)/(2/5). Let q be (3/(-12) + z)*-8. What are the prime factors of q*2/4*-3?
3
Suppose 0 = -4*l - 0*l - 4. Let b = 4 + l. Suppose 18 + 0 = b*c. What are the prime factors of c?
2, 3
Let x(j) = 2*j + 11. Suppose -s + 3*f = -24, 7*s - 2*s = -2*f + 35. What are the prime factors of x(s)?
29
Let a be 2 - 6*6/(-4). Suppose 4*c + 9 = -a. Let v = 2 - c. List the prime factors of v.
7
Suppose -11*q + 6*q = -840. What are the prime factors of q?
2, 3, 7
Let q(g) = -5*g + 3. Let k be q(2). Suppose -3*z = -t + 22, -4*t - 3 = 5*z + 11. List the prime factors of (-68)/k + z/(-21).
2, 5
Suppose 0 = 3*d - 30 - 42. Let o(i) = -i + 7. Let a be o(5). Suppose -3*z + a*z - d = -2*y, -2*y + 5*z + 24 = 0. What are the prime factors of y?
2, 3
Let g(l) = l**3 - 17*l**2 + 20*l - 12. What are the prime factors of g(16)?
2, 13
Let p = -3 + 7. Suppose -14 = -2*q - t, 0 = q + 6*t - p*t - 4. What are the prime factors of q?
2
Let m(v) = -v**3 - 7*v**2 - 7*v + 8. Let k be m(-6). Suppose -2*d + 6 = -2*g, 5*d - k = -2*g + 8. What are the prime factors of d?
2
Suppose -i + r + 7 = 0, 2*r = i - 0 - 11. Let c(n) = -n + 5. What are the prime factors of c(i)?
2
Let u = 2 + -2. Let h be 10 + (u/1)/(-3). Suppose 0*m - h = -m. List the prime factors of m.
2, 5
Let b(q) = -2*q - 11. Let f be b(-11). Let z(n) = 2*n + 12. What are the prime factors of z(f)?
2, 17
Suppose 0 = -9*p + 5*p + 188. List the prime factors of p.
47
Let y be 1 + 1 + -9 - 3. Let p = 14 + y. What are the prime factors of p?
2
Suppose -5*y = 25 - 0. Let i = y + 7. List the prime factors of i.
2
Let h = 5 + -1. Suppose 13 = h*j - 3. What are the prime factors of j?
2
Suppose 5*m + 0*m = 5*l + 15, 3*l = 2*m - 9. Suppose -2*s + m = -6. List the prime factors of s.
3
Suppose -3*f + 12 = 4*b - 9, 2*b - 9 = -f. Suppose l = 2*u + 2*l - 66, 0 = b*u - 4*l - 121. What are the prime factors of u?
5, 7
Let a = 354 - 250. What are the prime factors of a?
2, 13
Let b(o) = 2*o**2 + 4*o - 4. Let j be b(-6). Let q = -30 + j. List the prime factors of q.
2, 7
Let g = 57 + 19. What are the prime factors of g?
2, 19
Let y be 1/(-2) + 78/4. Let c(h) = h**2 - h + 5. Let v be c(0). Suppose 0 = 2*l + v - y. List the prime factors of l.
7
Let j(d) = -d - 5. What are the prime factors of j(-11)?
2, 3
Suppose -5 = -3*k - 4*j + 8, 2*j + 4 = 2*k. Let y(m) = k + 4 - 6 - 3*m. What are the prime factors of y(-1)?
2
Let o be (-128)/22 - (-16)/(-88). Let y = 11 + o. What are the prime factors of y?
5
Let f = -2 - -5. Let u = 0 + f. Suppose -3*o + 33 = -u. List the prime factors of o.
2, 3
Let w be (14/4)/((-2)/4). Let s = w + 7. Suppose 0*q + 22 = c + q, s = -5*c - q + 90. List the prime factors of c.
17
Let d = 116 + -33. Let r = -125 + d. What are the prime factors of (r/(-4))/(21/28)?
2, 7
Let i = 15 + -10. What are the prime factors of i?
5
Let s = -131 + 38. Let c = s - 4. List the prime factors of c/(-9) - (-6)/27.
11
Let r(m) = 3*m - 1 + m**3 + 7*m**2 - 4 - 2*m. Let b be r(-7). Let y = b - -20. What are the prime factors of y?
2
Suppose -n - 259 = 4*r - 1202, -r + n + 242 = 0. What are the prime factors of r?
3, 79
Let p = 4 + -4. Suppose p = -0*y - 2*y + 52. List the prime factors of y.
2, 13
Suppose -63 = -3*o + w, 4*o - 4*w = 6*o - 28. What are the prime factors of 4/10 - (-332)/o?
17
Suppose -5 = -u + 4. Suppose u = 5*i - 121. List the prime factors of i.
2, 13
Let j(v) = -3*v - 17. Let d be j(-7). Suppose 2*f - 48 = -3*g + 3*f, -3*g + 48 = -d*f. What are the prime factors of g?
2
Suppose -82 = -3*x + 2*w, 2*w = -3*x + 4*x - 30. Suppose 79 = 3*c - x. What are the prime factors of c?
5, 7
Let n(v) = v**2 - 12*v - 5. Let m be n(17). Suppose 20 = -3*i + m. List the prime factors of i.
2, 5
Let f = -2 - -2. Let g be 1*(4 - (f - -2)). Suppose -42 = -5*v + 4*b, -g*v + 4*b + 39 = 15. List the prime factors of v.
2, 3
Suppose 2*t + 5 = -11. Let b = 18 + t. Let m = b + -7. List the prime factors of m.
3
Let u = -10 - -14. List the prime factors of u/(-2 - (-12)/5).
2, 5
Suppose -5*k - 30 = -q, -q = -3*k - 6*q + 10. Let g = k - -11. What are the prime factors of (-4)/g - (-85)/15?
5
Let b = 8 + -5. Suppose 0*c + 12 = c. Suppose c = b*j + j. What are the prime factors of j?
3
Suppose 14 = -5*r + 4. What are the prime factors of (-2 - -5) + (-2 - r)?
3
Let d be (1 - 0)*80/2. Suppose 5*v + d - 6 = 3*g, -3*g = -v - 14. Let c = -3 - v. List the prime factors of c.
2
Let s(m) = -6*m - 7*m**2 + 8*m**2 + 10 - 1. What are the prime factors of s(7)?
2
Suppose -4*x = -32 - 12. Suppose -4*r + 3*r = 0. Suppose f + r - x = 0. What are the prime factors of f?
11
Suppose -4*k = 2*x - 2, 5*x = -2*k + x - 2. Suppose -j = -k - 1. List the prime factors of ((-6)/(-3) - -1)*j.
2, 3
Suppose 0 = 4*s + 47 - 3. Let w = 15 + s. List the prime factors of w.
2
Let d be 16/(-5)*60/(-24). Suppose -d*g + 12 = -4*g. What are the prime factors of g?
3
Let m be -2 + (5 - (-2 - -2)). Suppose 4 = m*q - 2. Suppose q*t - 3*k - 3 = 0, 0*t + 2*t + 2*k = 28. List the prime factors of t.
3
Suppose -2*s = 3*s - 4*l - 28, -s + 5*l + 14 = 0. List the prime factors of 1/4 + 23/s.
2, 3
Suppose -l + 2 + 15 = 0. What are the prime factors of l?
17
Let l = 14 - 12. Suppose -l = -0*a - a. What are the prime factors of a?
2
Let q = -5 + 7. Suppose 3*r - 7 = q*r. What are the prime factors of r?
7
What are the prime factors of -2 - (-24 + (0 - -4))?
2, 3
Let k = 20 